m?
19
Let c be 4/(-10) - (-6)/15. Let k = -2 + c. List the prime factors of (0 - 1)*k - -11.
13
Let v(y) = 20*y**3 + 4*y**2 + y - 2. Let b(x) = x + 1. Let k(j) = -5*b(j) - v(j). What are the prime factors of k(-2)?
3, 17
Suppose 2*s = s + 46. Let c = -10 + s. Suppose 0 = 5*q - c - 209. List the prime factors of q.
7
Let o(z) be the third derivative of -5*z**4/24 - 2*z**3/3 + 39*z**2 + 2. Let s(i) = -i**3 + 2*i - 2. Let h be s(2). What are the prime factors of o(h)?
2, 13
Let x(t) = 7*t**3 + 3*t**2 - 8*t + 5. Let c(n) = 2*n**2 - 5*n - 4. Let h be c(-1). List the prime factors of x(h).
197
Suppose 0*t = 4*t. Suppose -6*o + o = t. Suppose -4*j + o*k + 122 = 3*k, -j + 21 = -4*k. What are the prime factors of j?
29
Suppose -4*z = 2*z - 30. Suppose z*s - t = 2*t + 72, 5*s + 4*t = 79. List the prime factors of s.
3, 5
Let b be 2 + 0 - (1 - -2). What are the prime factors of (b + 28)*(-12)/(-4)?
3
Let q(y) = y**3 - 6*y**2 + 6*y - 2. Let b be q(5). Suppose -b*o - 46 = -169. What are the prime factors of o?
41
Let s(h) = h**3 - 9*h**2 + 9*h - 6. Let b be s(8). Suppose 5*o = 3*w + 585, b*w + 0*w + 5*o + 415 = 0. What are the prime factors of w/(-15)*(-12)/(-5)?
2
Suppose 0 = 268*m - 263*m - 1865. List the prime factors of m.
373
Suppose 0 = 4*z - 68 - 0. Let h be (-3)/((-6)/4)*-6. Let y = h + z. List the prime factors of y.
5
Suppose 3*v - 80 + 495 = 2*u, -5*v = 4*u - 885. What are the prime factors of u?
5, 43
Let o(j) = -14*j - 1. Let y(p) = p. Let f(a) = o(a) + 3*y(a). List the prime factors of f(-1).
2, 5
What are the prime factors of (-4)/10 + (-53050)/(-125)?
2, 53
Let t(q) = 2*q**2 + 14*q + 7. Let l be 15/10*-6*(0 - -1). What are the prime factors of t(l)?
43
Suppose 5*j - 50 = 20. Suppose w - 2*w = -4*r - 9, j = 2*w - 4*r. List the prime factors of (-12)/5*w/(-2).
2, 3
Let y = -198 + 381. What are the prime factors of y?
3, 61
Suppose 0 = 2*n - 5*n + 660. What are the prime factors of n?
2, 5, 11
Suppose 8*v - 7550 = -334. What are the prime factors of v?
2, 11, 41
Let a = -5717 + 8617. List the prime factors of a.
2, 5, 29
Suppose -d - 31 = 5*w, 153 = -3*d + 3*w + 2*w. Let c = d + 76. Suppose -2*o - 3*o - c = -5*q, -17 = -2*q + o. What are the prime factors of q?
11
Let u(g) = -g**3 + g**2 + 1. Let j(f) = 6*f**3 - 10*f**2 + 5*f - 5. Let x(o) = j(o) + 5*u(o). What are the prime factors of x(4)?
2
Let p(l) = 67*l + 41. List the prime factors of p(5).
2, 47
Suppose 4*n = 2*v - 20, n - 2 = -3*v - 0*v. Suppose -b = v, 6*y - 617 = y - 4*b. List the prime factors of y.
5
Suppose 3*t + 3*p = 5*p + 15, -29 = -5*t + 2*p. Let o(n) = -n**3 + 10*n**2 + 5*n + 16. List the prime factors of o(t).
2, 3, 11
Suppose -2*f - 2478 = 12*f. Let h = 285 + f. List the prime factors of h.
2, 3
Let p(u) = u**3 - u**2 - 10*u + 4. Let n be p(4). Suppose 0 = -n*m + 7*m + 960. List the prime factors of m.
2, 3
Suppose -8 - 1 = -3*q. Suppose 4*z - 4 = 8. Suppose 0*c - 3*h = -q*c + 63, -3*c + 93 = z*h. List the prime factors of c.
2, 13
Let r = 123 + -251. Let w = 232 + r. What are the prime factors of w?
2, 13
Let d = -338 + 577. What are the prime factors of d?
239
What are the prime factors of (721/(-14) - 7)*-8?
2, 3, 13
Let n be 1 + (-71 - 3 - -2). Let p = n + 163. What are the prime factors of (p + 0)/2 + -1?
3, 5
Let t(k) = 15*k**2 - 10*k - 4. List the prime factors of t(5).
3, 107
Let n = 108 - 52. Let l be (1/2)/(4/n). What are the prime factors of l + -10 + (47 - 2)?
2, 3, 7
Let q(o) = 2*o**3 - 2*o**2 + o - 4. Let z be q(2). Suppose -3*x - 1 = 2. What are the prime factors of (x - 2)/(z/(-6))?
3
Let m be (-2856)/16*(-4)/6. Suppose -7*p + 161 + m = 0. What are the prime factors of p?
2, 5
Suppose x + x + 42 = -n, -2*x = 3*n + 142. Let j = 127 + n. What are the prime factors of j?
7, 11
Suppose 3*t - 624 - 1026 = 0. List the prime factors of t.
2, 5, 11
Suppose -451 = -6*g + 623. What are the prime factors of g?
179
Let o = 14 + -9. Let q be 1/2 - o/(-2). Suppose 44 = 5*w - q*w. What are the prime factors of w?
2, 11
Suppose 0 = 104*m - 288824 - 110744. What are the prime factors of m?
2, 17, 113
Suppose 0 = 3*b - b - 14. Let h(s) = 3 + 2*s - b + 8. What are the prime factors of h(4)?
2, 3
Suppose 4*a + 1 + 7 = 0, -2*h + 24 = -2*a. Let o(w) = -w**3 + 10*w**2 + 13. List the prime factors of o(h).
13
Let s(d) = 7*d + 5. Let p be s(-5). Suppose 0 = 4*y + 56 - 216. Let i = p + y. What are the prime factors of i?
2, 5
List the prime factors of (-509019)/(-105) + (-6)/(-5).
13, 373
What are the prime factors of (-4)/14 + (-2106)/(-21)?
2, 5
Suppose -4*f - 3*c = -20, 5*f - c - 2*c + 2 = 0. Suppose 5*h - 182 = -2*g, 2*g + f*h - 218 = 6*h. List the prime factors of g.
101
Let w(j) be the first derivative of -11*j + 3/2*j**2 - 3. What are the prime factors of w(9)?
2
What are the prime factors of 2/8 - (-6 - 4629/12)?
2, 7
Suppose 0 = -50*h + 27*h + 33902. What are the prime factors of h?
2, 11, 67
Let s = 2 - -2. Suppose 78 = -4*u + 378. Suppose u = 5*a + 5*f, -6*a + s*f + 52 = -3*a. What are the prime factors of a?
2
Suppose 0 = 4*t - 112 - 80. Suppose -4*f + 0*f + t = 0. What are the prime factors of f?
2, 3
List the prime factors of 2429/(-8)*-2 + 3/(-12).
607
Suppose 2*a + 2*a = u + 1595, -5*a - u + 1987 = 0. Let t = -780 + a. What are the prime factors of t/(-14) + (-2)/7?
3
Suppose 2*b + 45 = -f - 19, -f - 4*b = 68. Let n = f + 76. List the prime factors of n.
2
Let o(n) = n - 6. Let a be o(6). Suppose -5*f - 3*d + 91 = a, 2*f + 2*d - 7 - 31 = 0. What are the prime factors of f?
17
Let v be ((-4)/(-1) + 1)*114/5. Suppose b = 5*h + 15, -h + v = 4*b - 3*h. List the prime factors of b.
2, 3, 5
Let c(q) = q**3 - 5*q**2 - 4*q - 6. Let y(o) = -o**3 - 5*o**2 + 5*o. Let j be y(-6). Let a be c(j). Suppose -a*b + 23 = -5*b. What are the prime factors of b?
23
Let z = -61 - -1172. What are the prime factors of z?
11, 101
Suppose -297 = -4*c - a, 0 = -6*c + 5*c - 2*a + 83. Suppose -2*t = 2*t + 96. Let k = c + t. What are the prime factors of k?
7
Let t(h) = 5*h + 6. Let p be t(3). What are the prime factors of (p/(-1))/((-4)/12)?
3, 7
What are the prime factors of (18/4)/(30/40)?
2, 3
Let r(l) = -l + 4. Let c be r(-6). Let h(w) = -w**2 + 9*w + 24. List the prime factors of h(c).
2, 7
Let d be (-5)/10*(-4 + -1 - 3). Suppose 4*t - d*u = 636, -5*t + 3*u + 803 = 2*u. List the prime factors of t.
7, 23
Suppose -22*q = -2237 - 513. List the prime factors of q.
5
Suppose 85*v = 79*v + 5580. What are the prime factors of v?
2, 3, 5, 31
Suppose 0*o = -5*c + 4*o + 1940, 5*c - 3*o = 1935. List the prime factors of c.
2, 3
Let p = -597 + 867. Let v = -161 + p. List the prime factors of v.
109
Suppose 0 = r + 3*c - 574, 2*r = -21*c + 19*c + 1164. What are the prime factors of r?
2, 293
What are the prime factors of -12 + 19 + 778/2?
2, 3, 11
Let z(w) be the third derivative of w**5/60 + w**4/2 + 8*w**3/3 + w**2. Let t be z(-12). What are the prime factors of -3 - t/6*-6?
13
Suppose -4*p + 2996 = -3*i, -50*i + 1472 = 2*p - 45*i. List the prime factors of p.
2, 373
Let m be (6/5)/(18/45). Let i = -115 - -217. Suppose m*a - i = -9. List the prime factors of a.
31
Let k(u) = u**3 + 3*u**2 - u + 2. Let h be k(-3). Suppose 2*z - 3*y + y - 12 = 0, h*z - 2*y - 15 = 0. List the prime factors of (-3)/z + (-132)/(-12).
2
Let o = 24 - 20. Let g be (-10)/(-15)*6/o. What are the prime factors of ((0 - 6) + g)*-1?
5
What are the prime factors of (4/(-12)*1)/((-7)/4767)?
227
Let w(a) = a + 13. Let m be w(-5). Let f be (4/m)/((-3)/6). List the prime factors of f - (-3 + 3) - -44.
43
Suppose -2*y + 2*m + 150 = 0, -2*y + 179 - 4 = 3*m. Let p = 185 + -235. Let t = y + p. What are the prime factors of t?
2, 3, 5
Suppose -3*c + 5*y = -1200, -5*y - 115 + 2075 = 5*c. What are the prime factors of c?
5, 79
Suppose -30*x + 49474 = -x. List the prime factors of x.
2, 853
Let i(n) = -n - 7. Let l(r) = -r**2 + 6*r - 4. Let w be l(4). Let x(k) = -k - 1. Let y(t) = w*x(t) - i(t). List the prime factors of y(-5).
2, 3
List the prime factors of 657 + -17 + (2 + -3)*-1.
641
Let p = -11 + 15. Let i = 23 - 20. Suppose -3*g - h = p*h - 86, 0 = -5*g - i*h + 154. List the prime factors of g.
2
Let d = -25 - -27. What are the prime factors of (34/51)/(d/33)?
11
Let b(l) = 2 - 5*l - 9*l + 2*l. Suppose -2 = -d - j, 8*d - 2*j = 4*d - 1